). Is (-1660)/(-3) + 1/s a prime number?
False
Let a(d) = 13*d**2 + 34*d + 190. Is a(-25) a prime number?
False
Suppose 2*g - 59116 = -2*g - 3*l, -73895 = -5*g - 2*l. Is g composite?
False
Suppose 10 = 2*v + 2. Let l = -86 + 143. Suppose k + v = l. Is k a prime number?
True
Suppose 19*d - 589020 = 214661. Is d a composite number?
False
Suppose m - 34 = -4. Let a be 875/9 + 2/(-9). Suppose -m - a = -l. Is l composite?
False
Suppose 3*w = p + 8, 3*p - p - 17 = -5*w. Suppose -4*k + 288 = -5*y + 4833, w*y - 2754 = -3*k. Is y composite?
True
Let v(a) = -3*a + a**2 - 4*a**2 + 2 + 0*a + 114*a**2. Let h be v(2). Suppose 7 - 2 = -5*l, 5*l = 5*s - h. Is s composite?
True
Suppose -2*u + 3 = -7. Suppose 0*g + 4*l - 27 = -u*g, 2*g + l = 9. Suppose n = -g*n + 1484. Is n a composite number?
True
Let m = 77 + -84. Let t(v) = -v**2 - 26*v - 15. Is t(m) prime?
False
Suppose -47*r - 28 = -51*r. Is r/((-84)/10216)*-3 a prime number?
False
Is (2 - -2719)/1 - 2 prime?
True
Let a(h) = -74*h - 6. Let b = -4 + -1. Let k(d) = 148*d + 11. Let y(u) = b*a(u) - 3*k(u). Is y(-4) a prime number?
True
Is 7/7*(-12 + 11999) prime?
True
Suppose -125 = -2*z + 145. Suppose -3*i + 2*b + z = -0*b, 2*i - 4*b = 82. Is i composite?
False
Suppose 4*k - 4 = -5*h + 3, 2*h = 4*k - 14. Suppose -k*b + 5*v - 20 - 4 = 0, 2*b = 2*v - 12. Is (-7)/(28/(-456)) + b a prime number?
False
Let k be 6/(-15) + 76/(-10). Let u(d) = -d**2 - 7*d + 8. Let s be u(k). Suppose s = 4*m - 7*m + 69. Is m a prime number?
True
Suppose 5*o + 10*b = 6*b + 15383, o + 2*b - 3073 = 0. Is o a prime number?
True
Let g(q) be the third derivative of 5*q**4/24 - q**3/2 - 23*q**2. Suppose 3*v - 8 = 16. Is g(v) composite?
False
Is -52066*(6 - 13/2) prime?
False
Let f = 21 + -19. Suppose -f*h = 2*h - 776. Is h a prime number?
False
Let d(s) = s**2 + 32*s - 118. Is d(-41) a prime number?
True
Let d = -865 - -1720. Let y = d - 182. Is y a composite number?
False
Suppose -4*j - 12 = 4. Let a be 0/(((-24)/j)/(-3)). Is -1*(4 + -161) + a composite?
False
Let d(z) be the first derivative of z**3/3 + 2*z**2 - 7*z - 2. Let g be d(-6). Is g/(0 - 2/(-878)) a prime number?
False
Let n(p) = -124*p**2 + 5*p - 1. Let r(i) = 4*i**2 - 2*i + 2. Let x(q) = q**2 - q + 1. Let o(j) = -r(j) + 3*x(j). Let u(t) = -n(t) - 3*o(t). Is u(-1) prime?
True
Is (2/3)/(48/661032) a composite number?
False
Let l(r) = 6*r - 2. Let h be l(-6). Is h/247 - (-1003)/13 a prime number?
False
Suppose -10*v = -17039 + 4559. Let a = 1769 - v. Is a composite?
False
Suppose -41*r + 39*r + 61130 = 0. Is r a composite number?
True
Suppose 0 = 5*h + 4*q + 50498, -2*h - 11966 = 2*q + 8234. Is (-14)/49 + h/(-14) a composite number?
True
Suppose 5602 - 51072 = -10*l. Is l prime?
True
Let t(c) = 10*c + 6. Let f(k) = 10*k + 5. Let d(i) = -2*f(i) + 3*t(i). Let j be d(-4). Let v = 109 + j. Is v a prime number?
False
Let h = -3580 - -8789. Is h prime?
True
Let y(r) = r**2 - 6*r - 58. Let f be y(-14). Suppose -11 = -5*x + 4*x. Let a = x + f. Is a prime?
True
Let a = 93 - 90. Suppose 0 = -8*g + a*g + 445. Is g composite?
False
Let t be ((-8)/5)/(4/(-10)). Suppose -k + 38 = -2*w - 32, 0 = -t*k + w + 280. Suppose -y - y + k = 0. Is y a composite number?
True
Let s be 7/((-133)/(-2)) + (-32900)/(-76). Let m = -130 + s. Is m a composite number?
True
Let d(q) = q**3 + 8*q**2 - 7*q + 13. Let c = -8 + -1. Let p be d(c). Let x = 2 - p. Is x a prime number?
True
Let g(a) be the first derivative of 677*a**3/3 - 5. Is g(1) a prime number?
True
Let b = 6 + -3. Let x = -1 + b. Suppose 0*y + 278 = x*y. Is y a composite number?
False
Let k = 3504 + 3301. Suppose -k = -10*j + 13045. Is j prime?
False
Let d = 23536 - -1453. Is d composite?
False
Suppose 3*b - 211 = -4*h + 1729, 5*h - 5*b = 2425. Is h a composite number?
True
Is (-100485)/(-18) + (-15)/10 a prime number?
True
Let a be (-2)/9 - 120/(-54). Let h(x) = -2*x**2 + 2*x**2 - a*x**3 - 2*x + 2*x**2 - 4 - 21*x**3. Is h(-3) composite?
False
Suppose -207*l = -194*l - 221533. Is l composite?
False
Let d = -4831 + 8910. Is d a composite number?
False
Let l be (-2)/13 + 37/(-13). Is -6*(44/(-8) - l) prime?
False
Let n = 16 + -13. Suppose n*s = 442 + 1655. Let p = s - 178. Is p prime?
True
Let a(h) = -14*h**2 - 5*h - 4. Let d be a(-3). Let v = 63 - d. Suppose -3*j + 208 = -5*l - v, 3*l = -4*j + 505. Is j a prime number?
True
Let g(z) = -6*z + z**3 - z**2 + 0*z**3 - 9 + z - z**2. Let p be g(4). Suppose 2*y = -2*y - j + 270, -5*j = -p*y + 191. Is y prime?
True
Let v(j) = j + 6. Let n be v(-6). Suppose 0 = -5*i - n + 20. Suppose -i*x + 1115 = x. Is x prime?
True
Suppose 3*a = -2*n + 16129, 4*n - 2*a - 27090 = 5128. Is n a composite number?
True
Suppose -5*j - 2*o + 18630 = 6030, -2498 = -j + 4*o. Is j composite?
True
Suppose -211579 - 314225 = -12*q. Is q composite?
True
Let a(b) be the first derivative of 1/2*b**2 - 5 + 4/3*b**3 - b. Is a(6) a composite number?
False
Suppose -18 = c - 6. Let n be (c/10)/(7/35). Is (15/n - -3)*94 a composite number?
False
Let n(l) = 461*l - 11. Suppose 0 = -2*d + 7 - 3. Is n(d) composite?
False
Is 7/(-1) - (-8 - (20570 + -4)) a composite number?
True
Let l = -1430 - -2561. Suppose -124 = 2*h + 3*j - l, 0 = -3*h - 4*j + 1511. Is h composite?
True
Let n = 36 + -1362. Let l = n + 2555. Is l prime?
True
Let o be (-2)/(4316/(-15057) - (-14)/49). Suppose i - o = -0*i + 5*c, 4*i = -3*c + 8650. Is i composite?
False
Let r(y) = 4*y**2 - 4*y - 4. Let n(b) = b + 1. Let z(m) = 5*n(m) + r(m). Let t be z(-1). Suppose 3*x = t*q - 6*q + 277, x + 3*q - 97 = 0. Is x composite?
True
Let g = 1382 + -968. Let x = -296 + g. Is x composite?
True
Suppose -3*a + 3550 = -3*x - 1412, 3*a + 4*x - 4983 = 0. Is a a prime number?
True
Let x = 4141 + -2371. Let q = x - 517. Is q composite?
True
Let u be (-23)/(-7) + (-10)/35. Suppose -2*p + 17 = 5*v - 0*p, u*v + p - 11 = 0. Suppose -10*g = -v*g - 575. Is g prime?
False
Let r = -14 - -11. Let h = -95 - -165. Is r*h/(-12)*2 a composite number?
True
Suppose 4*v + 555 = 3*v. Let k = v - -814. Is k prime?
False
Suppose 0 = -4*j - 3*b + 8218, -3*j - 6151 = -6*j + 4*b. Is j composite?
False
Suppose 0 = -i - 42 + 47. Suppose 918 = i*s - 1712. Is s a composite number?
True
Let i be ((-6)/8)/(1/(-472)). Let f = i - 181. Let k = -90 + f. Is k a prime number?
True
Is ((-16)/2)/24 - (-49676)/6 prime?
False
Let q be ((-2)/4)/(1*(-4)/19552). Let y = q - 295. Is y composite?
True
Let z = 33 + -29. Suppose 0 = -z*r - 4*p + 2556, -2*p + 8 = -0*p. Is r a composite number?
True
Let l = -22899 + 40204. Is l a prime number?
False
Let v be 4566*((-16)/6 - -4). Suppose -v = -2*b + 6678. Is b a prime number?
False
Suppose 0 = 2*t + l - 10291, 5*t = -0*t - 2*l + 25729. Is t a composite number?
False
Let a(y) = 11*y - 9. Suppose 3 = 4*g - 13. Let h(o) = -12*o + 9. Let v(b) = g*h(b) + 3*a(b). Is v(-4) prime?
False
Suppose -3*u + 15 - 3 = -r, -r + 8 = u. Suppose -76 = -4*m + r*m. Suppose -m = -2*f - 2*f. Is f prime?
True
Let m(u) = -u**3 - 8*u**2 - u - 1. Let s be m(-7). Let f(q) = -4*q**2 - 4*q. Let w be f(-3). Let b = w - s. Is b a composite number?
False
Let z(s) = s**2 - 9*s - 7. Let q be z(10). Suppose 3*l + 4*u = q*u + 277, 5*u = 5. Suppose l = d - 3*g, 0*g + g = -5*d + 412. Is d prime?
True
Let i(g) be the third derivative of 29*g**6/120 + g**5/12 + g**4/24 - g**3/3 - 6*g**2. Let t be i(-3). Let a = 1122 + t. Is a prime?
True
Let n(p) = 87*p + 4. Suppose 2*r - 2*f = -8, 0*f = -5*r - f + 4. Let o be 5 + -2 + (r - -2). Is n(o) a composite number?
False
Let k(q) be the second derivative of 0 - 3*q + 1/2*q**2 - 11/2*q**3. Is k(-4) prime?
False
Is 75725 + (-5)/30*0 + -4 composite?
False
Let k(s) = -s**2 - 20*s - 36. Let x be k(-18). Suppose x = 5*a + y - 5753, y = -0 - 2. Is a a composite number?
False
Let v = 6131 + -1174. Is v a composite number?
False
Let m(j) = -2*j + 14. Let x be m(7). Let r be x - -821 - (4 + -3). Suppose 2*b = -2*b + r. Is b a composite number?
True
Suppose -3*h - 77*o = -76*o - 118763, -158340 = -4*h + 4*o. Is h a prime number?
False
Is (-1963156)/(-44) - 6/33 prime?
True
Let j(t) = -t**3 + 3*t**2 - 4*t + 2. Let x be j(4). Let q = x + 101. Is q prime?
True
Suppose 0*m + 6*m - 12 = 0. Suppose -3*u = 4*p + 3, -p + m*u + 3*u + 5 = 0. Is -2 + (1166 - p) + -1 composite?
False
Suppose -11*j - 119476 = -306938